3 + 6*u**2 - 3*u - 3. Give w(4).
-47
Let z(l) = l. Determine z(-1).
-1
Let i(n) = 2*n + 24. What is i(-14)?
-4
Let f(x) = -12*x**2 - 77*x - 17. Calculate f(-6).
13
Let o(g) = -5*g - 53. Give o(-10).
-3
Let q(s) = s**2 + 13*s + 20. What is q(-9)?
-16
Let y(d) = -4*d**2 - d + 3. Give y(2).
-15
Let x(b) = 3*b**2 + 19*b + 6. Calculate x(-6).
0
Let d(f) = f**3 - 23*f**2 + 16*f + 130. Determine d(22).
-2
Let k(i) = -5*i. Calculate k(7).
-35
Let i(c) = c**3 - 5*c**2 - 7*c - 6. Calculate i(6).
-12
Let v(y) = y**2 - 10*y + 11. Calculate v(9).
2
Let g(l) = 16*l + 162. What is g(-8)?
34
Let o(m) = -4*m - 125. What is o(-30)?
-5
Let v(g) = g**2 - 4*g - 9. Give v(4).
-9
Let p(w) = 2*w. What is p(0)?
0
Let j(z) = 3*z + 8. Calculate j(6).
26
Let k(o) = 14*o**2 + 1. What is k(2)?
57
Let t(w) = w + 2. What is t(18)?
20
Let x(g) = g**3 - g**2 - g + 1. Calculate x(2).
3
Let x(b) = -b**2 - 9*b + 12. Calculate x(-9).
12
Let f(h) = -7*h. Determine f(-10).
70
Let i(t) = t**3 + 8*t**2 - 7*t + 7. What is i(-9)?
-11
Let i(p) = -p**3 - 3*p**2 + 4*p - 4. Give i(-4).
-4
Let w(v) = 4*v**2 + 30*v - 15. Determine w(-8).
1
Let q(o) = -20*o + 5. Determine q(-3).
65
Let a(g) = 5*g**2 - 7*g + 8. Determine a(1).
6
Let k(m) = m**3 - 11*m**2 + 2*m - 37. Calculate k(11).
-15
Let m(w) = -w**3 + 11*w**2 + 12*w + 1. Give m(12).
1
Let q(f) = -92*f + 721. Calculate q(8).
-15
Let n(o) = -o**2 - 7*o - 9. Determine n(-4).
3
Let z(g) = -g**2 + 27*g - 18. Give z(0).
-18
Let g(n) = -n**3 + 8*n**2 + 7*n + 3. Calculate g(9).
-15
Let y(f) = -4*f - 97. Give y(-15).
-37
Let r(g) = g + 12. Give r(-7).
5
Let r(t) = t**3 + t**2 + 33. Calculate r(-4).
-15
Let g(i) = i**2 - 5*i - 9. What is g(7)?
5
Let w(g) = 3*g**3 + 36*g**2 - 3. What is w(-12)?
-3
Let k(h) = 4*h**2 - 2*h - 2. Give k(-1).
4
Let b(g) = -g**3 + 19*g**2 - 17*g - 23. Calculate b(18).
-5
Let j(k) = -3*k**2 + 19*k - 22. What is j(5)?
-2
Let j(o) = -o**2 + 6*o + 10. Give j(8).
-6
Let w(j) = -j**2 - 5. Give w(2).
-9
Let x(f) = f**2 + 30*f - 26. Determine x(-32).
38
Let f(j) = 76*j - 148. Determine f(2).
4
Let j(d) = -d**3 - 27*d**2 + 28*d - 4. Give j(-28).
-4
Let z(l) = -15*l**2 - l + 1. What is z(-2)?
-57
Let y(s) = -s**3 + 10*s**2 - 4*s + 9. What is y(10)?
-31
Let z(q) = q**3 - 10*q**2 + 10*q + 9. Determine z(9).
18
Let h(q) = -3*q**2 + 2*q + 4. What is h(3)?
-17
Let l(n) = -n**2 - 25*n - 47. Calculate l(-22).
19
Let o(t) = 61*t + 909. Determine o(-15).
-6
Let i(j) = 7*j. Give i(4).
28
Let d(s) = -s + 21. What is d(20)?
1
Let n(m) = m**3 + 5*m**2 - 6. Give n(-3).
12
Let f(q) = 3*q + 10. Determine f(8).
34
Let i(b) = 54*b - 328. Give i(6).
-4
Let s(w) = 4*w**2 + 5*w - 7. Determine s(-3).
14
Let z(w) = -2*w**2 - 2*w - 2. Determine z(-2).
-6
Let d(k) = -15*k - 29. Calculate d(-3).
16
Let r(o) = 3*o**3 + 3*o**2 - 10*o + 3. What is r(2)?
19
Let z(j) = 9*j - 14. Determine z(4).
22
Let m(f) = 2*f**2 + 14*f + 13. What is m(-4)?
-11
Let s(o) = o**3 - 16*o**2 - 13*o - 62. What is s(17)?
6
Let b(o) = o - 15. Determine b(3).
-12
Let w(u) = -2*u**2 + 41*u + 61. Give w(22).
-5
Let x(n) = n**3 - 6*n**2 + 3*n + 2. Calculate x(4).
-18
Let t(u) = -u**2 - 6*u - 4. Determine t(-5).
1
Let y(z) = -2*z**3 + 9*z**2 - 4*z + 1. Calculate y(2).
13
Let t(j) = j**2 + 6*j + 4. What is t(-3)?
-5
Let h(a) = a - 3. What is h(-1)?
-4
Let s(t) = 2*t**2 + 14*t - 59. Calculate s(-12).
61
Let o(b) = 5*b**3 - 3*b**2 - b - 1. Give o(3).
104
Let p(z) = -z**2 + 4*z + 11. Calculate p(8).
-21
Let f(t) = 2*t**2 - 9*t - 9. Determine f(5).
-4
Let s(u) = u**2 - 15*u + 47. Give s(8).
-9
Let v(t) = -t + 42. What is v(14)?
28
Let n(l) = -47*l - 134. Give n(-3).
7
Let j(g) = 10*g**2 - 211*g + 9. Calculate j(21).
-12
Let t(w) = -2*w + 4. Determine t(-6).
16
Let m(y) = y**2 + 15*y + 16. Calculate m(-13).
-10
Let t(g) = 4*g**2 + 33*g + 15. Give t(-9).
42
Let y(i) = -i**3 - 6*i**2 - 5*i + 3. Give y(-6).
33
Let f(h) = h**2 - 7*h - 7. What is f(8)?
1
Let k(a) = -a**3 - 3*a**2 + 10*a + 3. Give k(-5).
3
Let z(j) = j**2 + 5*j - 20. Give z(-6).
-14
Let j(c) = c**3 - 16*c**2 + 2*c + 15. Calculate j(16).
47
Let l(q) = q**3 - 12*q**2 + 12*q - 24. Give l(11).
-13
Let y(q) = -89*q - 530. Determine y(-6).
4
Let o(z) = 2*z**3 - z**2 - 15*z + 23. What is o(2)?
5
Let o(x) = x**3 - 21*x**2 - 47*x + 22. Give o(23).
-1
Let z(y) = -y**2. Give z(2).
-4
Let u(p) = -p**3 - 3*p**2 + 2*p - 3. Calculate u(-4).
5
Let h(m) = 25*m - 481. What is h(19)?
-6
Let x(p) = p + 7. Determine x(-5).
2
Let a(d) = d - 2. Calculate a(-1).
-3
Let b(m) = -m**2 + 9*m - 1. Determine b(6).
17
Let l(y) = y**3 + 10*y**2 - 38*y + 28. What is l(-13)?
15
Let m(i) = -28*i + 1. Determine m(-1).
29
Let k(c) = c**2 - 10. Calculate k(-5).
15
Let v(t) = -t + 9. Give v(-8).
17
Let a(c) = -3*c - 78. What is a(-18)?
-24
Let n(s) = -3*s - 3. Determine n(-3).
6
Let h(w) = w**2 - 4*w + 10. Give h(4).
10
Let g(a) = -28*a - 154. Calculate g(-6).
14
Let z(l) = -l**2 + 2*l - 6. Give z(3).
-9
Let p(n) = 2*n**2 - 32*n + 93. Determine p(12).
-3
Let k(r) = r**2 + 16*r + 6. What is k(-15)?
-9
Let l(s) = -3*s**2 - 79*s - 104. Determine l(-25).
-4
Let v(m) = -m**2 - 32*m - 137. What is v(-27)?
-2
Let w(b) = 2*b**3 + 31*b**2 + 3*b - 186. Calculate w(-15).
-6
Let d(p) = 2*p - 50. Calculate d(23).
-4
Let q(i) = -10*i**2 - 4*i - 3. What is q(-1)?
-9
Let l(b) = 68*b + 481. Give l(-7).
5
Let d(k) = -k**2 - 10*k + 14. Calculate d(-12).
-10
Let o(y) = 2*y**2 + 27*y + 82. What is o(-8)?
-6
Let k(l) = 4*l - 15. Calculate k(7).
13
Let y(k) = -8*k + 118. Give y(18).
-26
Let o(x) = -x**3 - 10*x**2 - 16*x + 3. Give o(-8).
3
Let t(i) = -i**2 - 5*i + 14. Give t(-7).
0
Let m(u) = 3*u + 4. Determine m(9).
31
Let o(g) = 15*g - 344. Determine o(23).
1
Let x(q) = -q**3 - 7*q**2 + 6. What is x(-7)?
6
Let r(a) = -a**2 + a - 145. Calculate r(0).
-145
Let h(j) = -j**3 - 23*j**2 + 21*j - 37. Calculate h(-24).
35
Let o(v) = 2*v**2 + 22*v + 25. What is o(-9)?
-11
Let g(a) = -a**2 + a + 6. What is g(4)?
-6
Let i(y) = -y + 3. Give i(1).
2
Let u(q) = 2*q - 6. Give u(9).
12
Let s(v) = 2*v - 7. What is s(7)?
7
Let g(t) = 11*t - 7. Determine g(2).
15
Let x(b) = -3*b**3 + 4*b**2 - 6*b + 6. Calculate x(2).
-14
Let q(z) = 13*z + 2. Give q(-4).
-50
Let o(c) = 2*c**2 - 8*c + 4. Give o(7).
46
Let o(h) = 3*h - 65. Determine o(20).
-5
Let q(c) = -c**3 + 19*c**2 - 15*c - 34. Calculate q(18).
20
Let k(v) = v**3 + 5*v**2 + v + 3. Give k(-4).
15
Let h(m) = -27*m**3 + 2*m**2 - m - 2. Determine h(2).
-212
Let w(l) = -l**2 + 5*l - 8. Give w(6).
-14
Let c(f) = -f**2 + 2*f - 1. What is c(4)?
-9
Let k(n) = -n + 29. Determine k(-16).
45
Let q(o) = o**3 - 5*o**2 + 4*o + 4. Determine q(4).
4
Let u(r) = -r + 20. Give u(20).
0
Let h(b) = 2*b + 18. Calculate h(-6).
6
Let o(h) = 16*h + 146. Give o(-9).
2
Let h(u) = -29*u - 81. Calculate h(-3).
6
Let t(u) = u**3 + 13*u**2 + 11*u - 8. What is t(-11)?
113
Let y(q) = -11*q - 138. Calculate y(-13).
5
Let x(u) = -91*u**3 + u**2. Determine x(-1).
92
Let j(o) = -o**2 - 10*o - 18. Give j(-7).
3
Let c(u) = -3*u**3 - 31*u**2 - 6*u + 23. Give c(-10).
-17
Let h(c) = -32*c**3 + c. Give h(1).
-31
Let u(l) = l + 3. Determine u(-8).
-5
Let f(q) = -q**2 + 9*q + 29. Give f(12).
-7
Let r(q) = -4*q**2 - 53*q - 5. Give r(-13).
8
Let p(n) = -n**2 + 14*n - 35. Give p(10).
5
Let k(u) = -u**3 + 5*u**2 - 8*u + 20. Calculate k(4).
4
Let f(x) = -8*x**2 + 11*x - 3. Calculate f(3).
-42
Let i(f) = -2*f**2 + 2. Calculate i(-2).
-6
Let l(u) = -2*u + 5. Calculate l(5).
-5
Let x(t) = -t**3 + 4*t**2 + t + 1. What is x(2)?
11
Let r(v) = -v**2 - 13*v + 20. Give r(-14).
6
Let v(p) = -19*p**3 - p**2 + 3*p - 1. Calculate v(1).
-18
Let y(a) = a**2 - 7*a - 5. Calculate y(7).
-5
Let j(v) = 11*v**2 + 1. Determine j(1).
12
Let q(f) = -f**3 - 11*f**2 - f - 13. Calculate q(-11).
-2
Let i(t) = 6*t**2 + 5*t - 3. Calculate i(-5).
122
Let p(r) = -r**3 - 7*r**2 - 4*r + 13. What is p(-6)?
1
Let q(t) = -t**3 - 19*t**2 + 43*t + 28. Give q(-21).
7
Let x(q) = -3*q. Calculate x(-1).
3
Let o(u) = u**3 + 6*u**2 + 3*u + 4. Give o(-6).
-14
Let r(p) = -p - 14. Give r(-18).
4
Let y(t) = -5*t - 7. Determine y(-6).
23
Let d(h) = -4*h - 45. Give d(-14).
11
Let i(u) = 12*u. What is i(-2)?
-24
Let l(m) = -15*m - 57. Calculate l(-3).
-12
Let a(o) = 3*o + 11. What is a(-6)?
-7
Let j(h) = h**3 + 12*h**2 + 27*h + 3. Calculate j(-9).
3
Let b(x) =